{"id":378,"date":"2025-11-02T17:48:47","date_gmt":"2025-11-02T17:48:47","guid":{"rendered":"https:\/\/ssdnz.hr\/?page_id=378"},"modified":"2026-04-18T10:20:21","modified_gmt":"2026-04-18T10:20:21","slug":"o-savezu","status":"publish","type":"page","link":"https:\/\/ssdnz.hr\/?page_id=378","title":{"rendered":"O Savezu"},"content":{"rendered":"\n<p>U Dubrovniku je 5. kolovoza 2025. godine odr\u017eana osniva\u010dka Skup\u0161tina na kojoj je slu\u017ebeno osnovan \u0160ahovski savez Dubrova\u010dko-neretvanske \u017eupanije (\u0160S DN\u017d) \u2013 krovna organizacija svih \u0161ahovskih klubova i udruga na podru\u010dju na\u0161e \u017eupanije. Savez je registriran 22. listopada 2025. godine pri Registru udruga Republike Hrvatske, a djeluje kao savez udruga s ciljem poticanja, promicanja i razvoja \u0161ahovske igre na cijelom podru\u010dju Dubrova\u010dko-neretvanske \u017eupanije.<\/p>\n\n\n\n<p>Predsjednik Saveza je Ivan Potrebica, dopredsjednik Saveza je Milenko Kari\u0107, tajnik Saveza je Leonardo Jerkovi\u0107, a Dragan Boljat likvidator Saveza. Sjedi\u0161te Saveza nalazi se u Dubrovniku, na adresi Bana Josipa Jela\u010di\u0107a 15.<\/p>\n\n\n\n<p>\u0160ahovski savez DN\u017d osnovan je radi:<\/p>\n\n\n\n<ul class=\"wp-block-list\">\n<li>utvr<kbd><kbd>\u0111<\/kbd><\/kbd>ivanja i provo<kbd><kbd>\u0111<\/kbd><\/kbd>enja politike razvoja \u0161aha na podru<kbd>\u010d<\/kbd>ju \u017eupanije,<\/li>\n\n\n\n<li>uskla<kbd><kbd>\u0111<\/kbd><\/kbd>ivanja aktivnosti \u0161ahovskih klubova i udruga,<\/li>\n\n\n\n<li>promicanja \u0161aha me<kbd><kbd>\u0111<\/kbd><\/kbd>u djecom, mladima, studentima i osobama s invaliditetom,<\/li>\n\n\n\n<li>organiziranja i vo<kbd><kbd><kbd>\u0111<\/kbd><\/kbd><\/kbd>enja \u017eupanijskih natjecanja,<\/li>\n\n\n\n<li>stvaranja uvjeta za pripremu \u0161ahista za dr\u017eavna i me<kbd>\u0111<\/kbd>unarodna natjecanja,<\/li>\n\n\n\n<li>poticanja stru<kbd>\u010d<\/kbd>nog i edukativnog rada u \u0161ahu,<\/li>\n\n\n\n<li>suradnje s Hrvatskim \u0161ahovskim savezom, Hrvatskim olimpijskim odborom i Sportskom zajednicom DN\u017d.<\/li>\n<\/ul>\n\n\n\n<p>Savez djeluje u podru<kbd>\u010d<\/kbd>ju sporta, s naglaskom na \u0161ah kao aktivnost koja razvija logi<kbd>\u010d<\/kbd>ko razmi\u0161ljanje, koncentraciju i fair-play vrijednosti. Znak Saveza ima dijamantni oblik ispunjen crveno-bijelim \u0161ahovskim uzorkom. U sredi\u0161tu znaka nalazi se bijela figura kralja. Misija \u0160ahovskog saveza Dubrova\u010dko-neretvanske \u017eupanije jest objediniti i osna\u017eiti \u0161ahovske klubove, potaknuti uklju<kbd>\u010d<\/kbd>ivanje mladih i djece u \u0161ahovske aktivnosti, te kroz suradnju i zajedni<kbd>\u010d<\/kbd>ke programe doprinijeti ja<kbd>\u010d<\/kbd>anju \u0161aha kao sporta i intelektualne discipline na jugu Hrvatske. \u0160ahovski savez Dubrova<kbd>\u010d<\/kbd>ko-neretvanske \u017eupanije otvoren je za suradnju sa svim \u0161kolama, sportskim dru\u0161tvima, udrugama i institucijama koje prepoznaju \u0161ah kao alat za razvoj znanja, vje\u0161tina i zajedni\u0161tva.<\/p>\n\n\n\n<p>\u0160ahovski savez DN\u017d okuplja \u0161ahovske klubove s podru<kbd>\u010d<\/kbd>ja cijele \u017eupanije, koji su svojim zajedni<kbd>\u010d<\/kbd>kim djelovanjem pokrenuli osnivanje Saveza i ujedinili se radi ja<kbd>\u010d<\/kbd>anja \u0161ahovske scene juga Hrvatske.<\/p>\n\n\n\n<p>Osniva<kbd>\u010d<\/kbd>i i <kbd>\u010d<\/kbd>lanovi Saveza su:<\/p>\n\n\n\n<ul class=\"wp-block-list\">\n<li>\u0160ahovski klub Dubrovnik \u2013 Dubrovnik<\/li>\n\n\n\n<li>\u0160ahovski klub Plo<kbd>\u010d<\/kbd>e \u2013 Plo<kbd>\u010d<\/kbd>e<\/li>\n\n\n\n<li>\u0160ahovski klub Metkovi<kbd>\u0107<\/kbd> \u2013 Metkovi<kbd>\u0107<\/kbd><\/li>\n\n\n\n<li>\u0160ahovski klub Vela Luka<\/li>\n<\/ul>\n\n\n\n<p>Ovi klubovi <kbd>\u010d<\/kbd>ine temeljnu strukturu Saveza te zajedni<kbd>\u010d<\/kbd>ki djeluju na razvoju \u0161aha, organizaciji natjecanja i poticanju mladih da se uklju<kbd>\u010d<\/kbd>e u \u0161ahovske aktivnosti.<\/p>\n\n\n\n<p>Za sva pitanja, prijedloge, suradnje ili informacije vezane uz \u0161ahovske aktivnosti i natjecanja na podru<kbd>\u010d<\/kbd>ju \u017eupanije \u2013 slobodno nam se obratite.<\/p>\n\n\n\n<h3 class=\"wp-block-heading\">\ud83d\udccd Sjedi\u0161te Saveza<\/h3>\n\n\n\n<p><strong>Bana Josipa Jela\u010di\u0107a 15<\/strong><br>20000 Dubrovnik, Hrvatska<\/p>\n\n\n\n<p>Predsjednik: Ivan Potrebica<\/p>\n\n\n\n<p>Dopredsjednik: Milenko Kari<kbd>\u0107<\/kbd><\/p>\n\n\n\n<p>Tajnik: Leonardo Jerkovi<kbd>\u0107<\/kbd><\/p>\n\n\n\n<p>E-mail adresa: sahovskisavezdnz@gmail.com<\/p>\n","protected":false},"excerpt":{"rendered":"<p>U Dubrovniku je 5. kolovoza 2025. godine odr\u017eana osniva\u010dka Skup\u0161tina na kojoj je slu\u017ebeno osnovan \u0160ahovski savez Dubrova\u010dko-neretvanske \u017eupanije (\u0160S DN\u017d) \u2013 krovna organizacija svih \u0161ahovskih klubova i udruga na [&hellip;]<\/p>\n","protected":false},"author":1,"featured_media":659,"parent":0,"menu_order":0,"comment_status":"closed","ping_status":"closed","template":"","meta":{"_EventAllDay":false,"_EventTimezone":"","_EventStartDate":"","_EventEndDate":"","_EventStartDateUTC":"","_EventEndDateUTC":"","_EventShowMap":false,"_EventShowMapLink":false,"_EventURL":"","_EventCost":"","_EventCostDescription":"","_EventCurrencySymbol":"","_EventCurrencyCode":"","_EventCurrencyPosition":"","_EventDateTimeSeparator":"","_EventTimeRangeSeparator":"","_EventOrganizerID":[],"_EventVenueID":[],"_OrganizerEmail":"","_OrganizerPhone":"","_OrganizerWebsite":"","_VenueAddress":"","_VenueCity":"","_VenueCountry":"","_VenueProvince":"","_VenueState":"","_VenueZip":"","_VenuePhone":"","_VenueURL":"","_VenueStateProvince":"","_VenueLat":"","_VenueLng":"","_VenueShowMap":false,"_VenueShowMapLink":false,"footnotes":""},"class_list":["post-378","page","type-page","status-publish","has-post-thumbnail","hentry"],"_links":{"self":[{"href":"https:\/\/ssdnz.hr\/index.php?rest_route=\/wp\/v2\/pages\/378","targetHints":{"allow":["GET"]}}],"collection":[{"href":"https:\/\/ssdnz.hr\/index.php?rest_route=\/wp\/v2\/pages"}],"about":[{"href":"https:\/\/ssdnz.hr\/index.php?rest_route=\/wp\/v2\/types\/page"}],"author":[{"embeddable":true,"href":"https:\/\/ssdnz.hr\/index.php?rest_route=\/wp\/v2\/users\/1"}],"replies":[{"embeddable":true,"href":"https:\/\/ssdnz.hr\/index.php?rest_route=%2Fwp%2Fv2%2Fcomments&post=378"}],"version-history":[{"count":14,"href":"https:\/\/ssdnz.hr\/index.php?rest_route=\/wp\/v2\/pages\/378\/revisions"}],"predecessor-version":[{"id":664,"href":"https:\/\/ssdnz.hr\/index.php?rest_route=\/wp\/v2\/pages\/378\/revisions\/664"}],"wp:featuredmedia":[{"embeddable":true,"href":"https:\/\/ssdnz.hr\/index.php?rest_route=\/wp\/v2\/media\/659"}],"wp:attachment":[{"href":"https:\/\/ssdnz.hr\/index.php?rest_route=%2Fwp%2Fv2%2Fmedia&parent=378"}],"curies":[{"name":"wp","href":"https:\/\/api.w.org\/{rel}","templated":true}]}}